 1040952691 prime?
False
Is 3115276453 prime?
False
Is 183804079 prime?
True
Is 343841821 a composite number?
False
Is 2367498199 a prime number?
False
Is 5728840609 a prime number?
False
Is 921474163 a composite number?
True
Is 3410335519 a composite number?
True
Is 1621941883 composite?
False
Is 125652958861 a prime number?
True
Is 116385371 a prime number?
True
Is 37527929 prime?
True
Is 130199221 prime?
True
Is 160508392613 a prime number?
True
Is 777799091 composite?
False
Is 1673758147 prime?
False
Is 2092515767 a prime number?
True
Is 7332825179 prime?
False
Is 4416652535 composite?
True
Is 77541824693 composite?
True
Is 3014578831 composite?
True
Is 430032083 a prime number?
False
Is 586978477 prime?
True
Is 2926694599 composite?
False
Is 8862206753 composite?
False
Is 74986569043 prime?
True
Is 16330894867 a prime number?
False
Is 1162449157 prime?
False
Is 27798346193 a prime number?
True
Is 6001655313 a prime number?
False
Is 1863000067 composite?
True
Is 3293736085 prime?
False
Is 462730987 a prime number?
True
Is 21528134377 composite?
False
Is 772801063 prime?
True
Is 770711869 composite?
False
Is 2324740619 a composite number?
False
Is 247703531 a prime number?
True
Is 1728698753 a composite number?
False
Is 131566103 composite?
True
Is 1017351773 a prime number?
True
Is 4037917687 a composite number?
False
Is 11520425067 composite?
True
Is 6136451531 a composite number?
True
Is 2166946009 prime?
False
Is 1485953639 a composite number?
False
Is 9717702767 a prime number?
True
Is 111450967823 a prime number?
False
Is 2556056021 composite?
True
Is 1102917521 composite?
False
Is 1633468363 a prime number?
False
Is 32562095 a composite number?
True
Is 45443547173 prime?
True
Is 26372171069 a composite number?
False
Is 2846035211 composite?
True
Is 16244447003 composite?
True
Is 203625017 prime?
False
Is 241351247 a composite number?
False
Is 1036559753 a composite number?
False
Is 7539832387 a composite number?
True
Is 6219635081 composite?
True
Is 825050483 prime?
False
Is 448268971 a prime number?
False
Is 54465723463 a composite number?
True
Is 4542734159 a prime number?
True
Is 1732871417 composite?
False
Is 7574977621 a composite number?
True
Is 1113448291 a composite number?
False
Is 3217825055 prime?
False
Is 9934743551 prime?
True
Is 33103301279 a prime number?
True
Is 13773141799 a prime number?
False
Is 885609013 a composite number?
True
Is 1694375171 prime?
False
Is 549323783 composite?
False
Is 4335681379 a composite number?
False
Is 1633737151 prime?
True
Is 5492371903 prime?
True
Is 4629676847 a prime number?
True
Is 53211265903 a prime number?
True
Is 29387326819 a prime number?
False
Is 10022201323 prime?
True
Is 9125670709 a composite number?
False
Is 10458429799 prime?
True
Is 23864069095 composite?
True
Is 609991037 a prime number?
False
Is 105654889 a composite number?
False
Is 543538811 a prime number?
True
Is 2117233949 prime?
True
Is 634686509 a prime number?
False
Is 74846233279 prime?
True
Is 1003491401 a prime number?
False
Is 609235507 composite?
False
Is 1557286223 a prime number?
True
Is 95932002097 composite?
True
Is 1521117707 prime?
True
Is 2014636915 prime?
False
Is 81240703 prime?
True
Is 4563048053 prime?
True
Is 7489910041 prime?
False
Is 545265953 prime?
False
Is 1804994383 prime?
False
Is 7041946157 prime?
True
Is 77348879 a composite number?
True
Is 149468368103 prime?
True
Is 23548824487 a prime number?
True
Is 16270468283 composite?
False
Is 1126707177 a composite number?
True
Is 2563411153 prime?
False
Is 17496860417 composite?
False
Is 403616761 prime?
False
Is 16517259349 prime?
True
Is 34827737561 prime?
False
Is 4103305301 a prime number?
True
Is 15305811421 composite?
True
Is 563860273 a composite number?
False
Is 8744595931 composite?
False
Is 159492799 prime?
False
Is 36929695079 composite?
True
Is 13420103489 composite?
True
Is 5669181001 a composite number?
True
Is 74711929 a prime number?
True
Is 8651271887 composite?
True
Is 789447223 composite?
False
Is 1053534749 composite?
True
Is 427648303 a prime number?
True
Is 3591380183 prime?
True
Is 3381059377 a composite number?
False
Is 35340334069 composite?
True
Is 20355273919 composite?
False
Is 61831677 a prime number?
False
Is 55339027 prime?
False
Is 28839009061 a composite number?
True
Is 5472250471 a composite number?
True
Is 1629420747 a prime number?
False
Is 7045474001 a composite number?
False
Is 21971087773 prime?
True
Is 391883993 a prime number?
True
Is 5608093445 a prime number?
False
Is 1508251309 a composite number?
False
Is 2099156153 composite?
False
Is 2752160951 prime?
False
Is 20965939019 a prime number?
True
Is 6028770905 composite?
True
Is 5020999063 prime?
True
Is 4112459257 a composite number?
True
Is 6979985279 composite?
True
Is 396124321 a composite number?
False
Is 1199875151 a composite number?
False
Is 2015089691 a prime number?
True
Is 80477561 prime?
True
Is 3377531491 a prime number?
False
Is 43922093 a prime number?
False
Is 2090052373 a composite number?
False
Is 9805972063 prime?
False
Is 30862658369 composite?
False
Is 13103293391 composite?
False
Is 246653189 a composite number?
False
Is 193241677 a prime number?
True
Is 324067487 a prime number?
False
Is 220843057 prime?
True
Is 161264184619 prime?
False
Is 28272127397 a composite number?
False
Is 820472641 prime?
False
Is 1745813721 a composite number?
True
Is 88829767 prime?
False
Is 33834714922 a prime number?
False
Is 3655063967 prime?
False
Is 8308122133 composite?
True
Is 4313051033 a prime number?
True
Is 4878000713 composite?
False
Is 12166670923 a composite number?
True
Is 561853319 a prime number?
True
Is 2861698555 prime?
False
Is 32275387849 prime?
True
Is 196886225909 prime?
True
Is 10678166749 composite?
False
Is 1583707787 composite?
True
Is 72681667129 a composite number?
True
Is 2251093853 composite?
False
Is 753188545 prime?
False
Is 6462109267 prime?
False
Is 2210902223 composite?
True
Is 20883920353 composite?
False
Is 24385858117 composite?
False
Is 5332708679 a prime number?
False
Is 232978549 a composite number?
False
Is 2270130171 a composite number?
True
Is 40636874233 prime?
False
Is 2975343659 a composite number?
False
Is 871822571 a prime number?
True
Is 89557669087 a prime number?
False
Is 119788543111 composite?
False
Is 2725226533 prime?
True
Is 693269387 a prime number?
True
Is 6625484113 prime?
False
Is 26871304871 prime?
False
Is 1769579213 composite?
False
Is 2661577799 prime?
True
Is 158059769 a prime number?
False
Is 185021 a composite number?
False
Is 862764923 composite?
True
Is 591943021 a composite number?
True
Is 52505542379 composite?
False
Is 1592056391 a prime number?
True
Is 4051919533 a composite number?
True
Is 1023854294 a prime number?
False
Is 993248803 a composite number?
True
Is 35179611781 composite?
False
Is 1911171701 a prime number?
True
Is 233942569577 prime?
False
Is 3811880834 a composite number?
True
Is 33276055933 prime?
True
Is 3460153217 composite?
False
Is 7755572159 prime?
False
Is 15473356471 a composite number?
True
Is 793647779 a composite number?
False
Is 8399050207 prime?
False
Is 33885043663 a prime number?
True
Is 32228082539 prime?
False
Is 14786723407 a prime number?
True
Is 5308025501 a prime number?
False
Is 84154790543 composite?
False
Is 297545233 composite?
True
Is 75785041763 prime?
False
Is 4159514013 prime?
False
Is 102586325785 composite?
True
Is 4367591089 composite?
True
Is 71669161819 a prime number?
False
Is 3223777409 prime?
True
Is 155821533559 a prime number?
False
Is 66157417 a prime number?
True
Is 30493554857 a prime number?
False
Is 23290618027 a prime number?
True
Is 38931227 composite?
True
Is 83568829 prime?
False
Is 947815489 a composite number?
True
Is 18575641531 a composite number?
True
Is 11943930279 a prime number?
False
Is 135299279 prime?
True
Is 197961229 composite?
True
Is 2591311661 a composite number?
False
Is 39663296627 a composite number?
False
Is 46260661751 composite?
False
Is 55147772549 prime?
True
Is 651462337 prime?
True
Is 75727404563 a prime number?
True
Is 123579653 a prime number?
True
Is 321730861 a composite number?
True
Is 28016727757 prime?
True
Is 8803412669 prime?
True
Is 35675951 composite?
True
Is 42606149141 a